 prime factors of v.
2, 29
List the prime factors of 1/(-3*1/(-21)) + (-13 - -29659).
13, 2281
Suppose -8*t = -4*t + 12, -4827 = -2*h + 5*t. List the prime factors of h.
2, 3, 401
Let d(l) be the third derivative of l**5/30 - 13*l**4/6 + 67*l**3/6 + 24*l**2. What are the prime factors of d(27)?
11
Let l(u) = -u**3 - 13*u**2 + 13*u - 6. Let c be l(-14). Suppose 4*g - c = -152. Let p = 102 + g. List the prime factors of p.
2, 3, 11
Suppose 5*m = h - 58, 218 = 5*h - 4*m + 3*m. Let a = h + -45. What are the prime factors of a*1 + (-2)/(-8)*388?
5, 19
Let y = 1050 - 1008. Suppose 16*q = -y*q + 102892. List the prime factors of q.
2, 887
Let b = 76 + -75. What are the prime factors of (137/b)/((-28)/8 - -4)?
2, 137
Suppose 0 = -68*t + 8945 + 14787. List the prime factors of t.
349
Suppose 4*x - 2*h - 14132 = 1974, -5*x - 2*h = -20128. List the prime factors of x.
2, 3, 11, 61
Let a = 14059 + -5539. List the prime factors of a.
2, 3, 5, 71
Let d(t) = 2*t**2 - 23*t - 37. Suppose -22*f - 70 = -17*f. List the prime factors of d(f).
677
Let h = 13153 - -15353. List the prime factors of h.
2, 3, 4751
Let b = -565 + 983. Let m = b - 353. What are the prime factors of m?
5, 13
Suppose 6*b - 37 = 11. Suppose -5*o = -3*o - b. Suppose 5*j = -2*c + 225, 4*j + o + 0 = 0. List the prime factors of c.
5, 23
Suppose g = 4*d - 84059, -3*g - 3*g = 5*d - 105081. List the prime factors of d.
3, 5, 467
Let s(z) = 3*z - 54. Let c be s(22). What are the prime factors of 21/(2 + (-20)/c)?
3, 7
Suppose -27*w + 49*w + 12738 = 0. Let t = 73 - w. List the prime factors of t.
2, 163
Let l = 48 - 46. Suppose 2*v + l*v - v = 0. Suppose -2*p + 70 + 72 = v. List the prime factors of p.
71
Let l be 4 - (5/15)/(-1)*-3. Suppose 624 = l*i - 2*d, -i + 186 = 3*d - 11. List the prime factors of i.
2, 103
Suppose -21650 = -12*u + 7774. List the prime factors of u.
2, 613
Let z(t) = -t**3 - 10*t**2 - 6*t - 17. Let o be 6/(-2)*((-30)/18 + 0). Suppose g - 3*g - 22 = 3*x, 0 = -o*x. What are the prime factors of z(g)?
2, 5, 17
Let s = 679 - -1129. List the prime factors of s.
2, 113
List the prime factors of (-8 + 522/63)*1565634/12.
37277
Let t(p) = 505*p**2 + 38*p - 22. What are the prime factors of t(4)?
2, 5, 821
Let q = -8784 + 10906. List the prime factors of q.
2, 1061
Suppose -5*d + 158497 - 23337 = 0. List the prime factors of 2/(-6) - (d/(-24) - 3).
1129
Suppose -5*l = -5*k - 4345, 4*k = 12*l - 15*l + 2558. List the prime factors of l.
2, 431
Suppose 0 = 4*q - 19 - 917. Suppose 0 = 7*b + 2*b - q. Let t = 102 + b. List the prime factors of t.
2
Suppose -554411 = -72*z + 66184 + 22437. List the prime factors of z.
3, 13, 229
Let l(i) = 4*i**3 + 90*i**2 + i - 4. Let q be l(-21). Let r = q - 1526. What are the prime factors of r?
3, 5, 73
Let a(t) = -t**3 + 47*t**2 - 32*t + 15. What are the prime factors of a(46)?
659
List the prime factors of ((-37196)/(-51) - 2)*3/1.
2, 1091
Let s be 6/(-2) - -353 - 1. Let j = s - -393. Suppose -4*m + j = 3*m. What are the prime factors of m?
2, 53
Suppose -12*d - 46 = -11*d. Let v = d - -183. List the prime factors of v.
137
Suppose -5*g - 3*x = -327625, 20*x = -6*g + 18*x + 393150. What are the prime factors of g?
5, 2621
Let i be (-4)/(-14) - (-760)/280. Suppose 3*t + i*t = 240. What are the prime factors of t?
2, 5
Let v = 49 + -55. Let a be (0 - -2)*(-9)/v*-29. Let q = a + 146. List the prime factors of q.
59
Let v = 781 - -1108. Suppose -5*m + v = -2*a - 416, -3*m - a + 1383 = 0. List the prime factors of m.
461
Suppose -2*z - 12941 = -g, -35914 - 2874 = -3*g - z. What are the prime factors of g?
67, 193
Suppose 13398 = i - 2*y, 6*i - 10*i + y = -53557. List the prime factors of i.
2, 3347
Suppose -62*t - 359319 = -83*t + 133530. What are the prime factors of t?
3, 7823
Suppose w = -1, -3*v - w - 2 = -2*w. Let y be (-6 + 3 - 0)*(0 + v). Suppose y*m - 72 = 39. What are the prime factors of m?
37
Let z(n) = -n**3 - 5*n**2 + n + 12. Let v be (2 - 53/(-7)) + 69/161. Suppose -v*s + 11*s + 8 = 0. List the prime factors of z(s).
2, 7
Let c(z) = 2*z**2 - 7*z + 131. Let j(t) = -t**2 + 11*t + 23. Let l be j(0). What are the prime factors of c(l)?
2, 257
Let b(z) = -2*z**2 + 17*z + 13. Let g be b(9). Let r(m) = 34*m**2 - 1 + g*m - 2 + 5*m - 24*m**2. List the prime factors of r(-3).
2, 3, 5
Suppose 67*m = 66*m + 7. Suppose 0 = -m*z + 2173 + 333. What are the prime factors of z?
2, 179
Let y(w) = -21*w + 24. Let a be y(1). Suppose -11669 = -4*j - a*j. List the prime factors of j.
1667
Suppose -14501 = -j + 18288. List the prime factors of j.
32789
Let y be -1*(-4 - (0 - 6)). What are the prime factors of y/(-4) - ((-130260)/8)/15?
2, 3, 181
Let r = 1115 - -13075. List the prime factors of r.
2, 3, 5, 11, 43
Suppose 3*u = 2*q + 2*q - 672, -u = 4. Let h = q + -32. List the prime factors of h.
7, 19
Let g be (-210)/(-63) + 2/3. Suppose 3*x - 1647 - 463 = -g*s, -x + 4*s + 730 = 0. List the prime factors of x.
2, 5, 71
Suppose -14*o - 27576 = -17*o. Suppose -8*f = -o + 3000. Suppose -10*a + f = -4*a. List the prime factors of a.
3, 43
List the prime factors of (460 - -45)/(10/422).
101, 211
Let v = -27 - -48. Let y = v - 19. Suppose -y*k = 5*f - 4, -7*k + 5*k - f + 20 = 0. What are the prime factors of k?
2, 3
Let p(s) = 2*s**2 - s - 1. Let m be p(2). Suppose 51*h + 10 = 53*h. Suppose h*o = 4*d + 7*o - 436, -5*d + m*o + 530 = 0. What are the prime factors of d?
2, 3
Suppose 12*a + 2131416 = 180*a. What are the prime factors of a?
3, 4229
Suppose 2*a = f + 15544, 0 = -4*a - 11*f + 12*f + 31088. List the prime factors of a.
2, 29, 67
Let w(q) = -4*q**2 + 5*q - 4. Let c be w(2). Let l = 12 + c. Suppose -3*s = -l*i - 335, 0*s - 2*i - 109 = -s. List the prime factors of s.
113
What are the prime factors of 12512 - -7 - (8 + 0)/2 - 1?
2, 6257
Let s(z) = 4*z**2 + 33*z + 48. List the prime factors of s(-17).
643
Suppose -x - 3 = -4*o, 5*o - 5*x = 1 - 16. Let k = -5490 - -5563. Suppose -o*q = -109 - k. List the prime factors of q.
7, 13
Suppose -3*a + 2*k = 1, 3*a + 0*k - 5*k = -16. Suppose 0 = -4*v - a*d + 861, -4*v + 582 = -2*d - 304. What are the prime factors of v?
3, 73
Suppose 278*i - 283*i + 8750 = 0. What are the prime factors of i?
2, 5, 7
Let g = -7593 - -12496. List the prime factors of g.
4903
Suppose -132655 = 9*x - 405778. What are the prime factors of x?
30347
Suppose 0 = 9*g - 7*g - 4. Suppose -3*i - k = 3*k - 1223, 3*i + g*k - 1219 = 0. List the prime factors of ((-8)/(-6))/(6/i).
2, 3, 5
Let w(j) = -6*j**3 - 120*j**2 + 11*j - 67. List the prime factors of w(-22).
3, 13, 47
Let z(c) = 883*c**3 - 9*c**2 - 9*c + 64. List the prime factors of z(3).
53, 449
Let u = 33 + -28. Suppose 5*d - 20 = u*a, -d - a = -3*a - 6. List the prime factors of d - ((1 - 0) + 0)*-17.
19
Suppose -65*q = -63*q - 4. Suppose 0 = -2*v + 300 - q. List the prime factors of v.
149
Let w(j) = -6*j + 10. Let d be w(1). Suppose d*k - 149 = 17*g - 12*g, -g - 98 = -3*k. What are the prime factors of k?
31
Let t = 11748 - 3623. List the prime factors of t.
5, 13
Let s(f) = -2*f**2 + 1. Let h(l) = -40*l**3 - 3*l**2 - 9*l - 9. Let r(i) = h(i) + 3*s(i). List the prime factors of r(-3).
2, 3, 5, 17
Suppose -4*v - 4 = -3*v, i - 41 = 4*v. Let x be (-1220)/i - (-2)/(-8 - 2). Let h = x + 150. What are the prime factors of h?
101
List the prime factors of (4 - -3) + -13 + 11649.
3, 3881
Suppose 0 = -2*a - 2*m - 34, 7*m + 49 = -2*a + 10*m. What are the prime factors of 15456/15 - (-8)/a?
2, 5, 103
Let g(v) be the second derivative of 5*v**3/6 - 8*v**2 - v. Suppose o + z = 6, 2*o + 4*z - 15 = -z. What are the prime factors of g(o)?
3
Suppose 149892 = 31*h - 239685. What are the prime factors of h?
3, 59, 71
Let d(p) = 1697*p - 2325. What are the prime factors of d(11)?
2, 8171
Let l = 185011 - 131397. List the prime factors of l.
2, 11, 2437
Let p(i) = 262*i**2 - 14*i + 6. Let m(u) = 3*u + 59. Let c be m(-19). List the prime factors of p(c).
2, 3, 19
Let k = -2 - -2. Let l(y) = -17 - 3*y - 7 + y**2 - 5 + k. What are the prime factors of l(9)?
5
Let g = -76778 - -114208. What are the prime factors of g?
2, 5, 19, 197
What are the prime factors of (-897786)/(-60) + ((-3)/(-21))/((-40)/28)?
13, 1151
Let z be (2/(-9)*-6)/(8/13788). Suppose 7*h - 2581 = z. List the prime factors of h.
17, 41
Suppose -5*x